2*i + 13868. Calculate q(11).
-3
Let j(s) = -70*s - 3836. Determine j(-55).
14
Let f(r) = 7*r**3 + 64*r**2 - 70. What is f(-9)?
11
Let x(r) = -r**3 + 72*r**2 - 138*r - 151. Give x(70).
-11
Let m(q) = 8*q**3 - 48*q**2 - 3. What is m(6)?
-3
Let s(k) = 24*k + 407. Calculate s(-35).
-433
Let v(k) = 49*k**2 + 21*k - 40. What is v(2)?
198
Let y(c) = -13*c**2 - 365*c - 22. Determine y(-28).
6
Let u(r) = 2*r**2 + 8*r + 111. What is u(0)?
111
Let x(t) = -188*t**2 - 2625*t + 99. Give x(-14).
1
Let p(y) = 168*y - 36118. What is p(215)?
2
Let o(k) = -6*k**2 - 42*k - 13. Determine o(-14).
-601
Let k(j) = j**2 + 8*j - 668. Calculate k(20).
-108
Let c(y) = 7*y**3 - 3*y**2 - 1699*y + 1701. Calculate c(1).
6
Let m(i) = -3*i**3 - 122*i**2 - 79*i + 58. Give m(-40).
18
Let z(l) = -2*l**3 - 64*l**2 + 66*l - 19. Calculate z(-33).
-19
Let f(k) = 46*k**2 - 5*k + 3. What is f(-2)?
197
Let f(z) = 16*z**2 + 337*z + 2. Determine f(-21).
-19
Let h(r) = -r**3 + 11*r**2 - 35*r - 4. Give h(8).
-92
Let s(p) = -p**3 + 11*p**2 - 23*p + 8. What is s(9)?
-37
Let i(n) = n**3 - 13*n**2 + 13*n - 37. Determine i(11).
-136
Let n(a) = -a**3 - 36*a**2 + 42*a + 34. Give n(-37).
-151
Let s(l) = 1128*l - 7898. What is s(7)?
-2
Let x(r) = 151*r - 1432. Give x(11).
229
Let t(z) = 314*z - 2517. Give t(8).
-5
Let t(g) = -g**3 + 16*g**2 - 59*g + 28. Give t(10).
38
Let f(d) = d**3 - 44*d**2 - 23*d - 1126. Give f(45).
-136
Let w(g) = 3*g**2 - 101*g + 165. What is w(32)?
5
Let a(f) = 7*f**2 - 125*f - 35. Calculate a(18).
-17
Let b(t) = -44*t**3 - 2198*t**2 + 105*t + 258. Give b(-50).
8
Let m(d) = -6*d - 137. Determine m(-28).
31
Let b(x) = 480*x - 985. Calculate b(2).
-25
Let l(t) = -38*t - 549. Give l(-16).
59
Let a(p) = -4*p**3 - 2*p**2 + p + 4. Determine a(-4).
224
Let k(c) = c**3 + 7*c**2 + 12*c + 33. Give k(-5).
23
Let s(a) = 8*a**3 + 186*a**2 + 51*a + 125. Determine s(-23).
10
Let o(v) = -696*v - 1384. What is o(-2)?
8
Let b(s) = -s**3 + 21*s**2 - 117. Calculate b(21).
-117
Let r(g) = g**3 + 2*g**2 - 25*g - 11. Give r(-6).
-5
Let z(t) = 8*t + 69. What is z(9)?
141
Let v(i) = -1277*i + 10198. Determine v(8).
-18
Let t(y) = 2*y + 167. Give t(10).
187
Let m(u) = -u**2 + 31*u - 201. What is m(16)?
39
Let g(d) = -d**3 + 65*d**2 - 491*d + 4929. What is g(58)?
-1
Let d(j) = 10*j + 93. Calculate d(-9).
3
Let f(k) = -21*k**3 - k**2 + 7*k - 2. Give f(-2).
148
Let y(g) = -3*g**3 - 122*g**2 - 25*g - 2695. Give y(-41).
11
Let b(p) = 169*p - 1513. Determine b(9).
8
Let y(d) = -d**2 + 89*d - 1166. Determine y(17).
58
Let u(n) = n**3 + 162*n**2 + 936*n + 2. What is u(-156)?
2
Let f(i) = i**2 - 3*i - 1571. What is f(41)?
-13
Let t(q) = q**2 - 52*q + 476. What is t(38)?
-56
Let p(r) = r**2 - 6*r - 419. Calculate p(27).
148
Let u(c) = 121*c - 9555. Determine u(79).
4
Let j(u) = -76*u**2 - 2*u - 2. What is j(-1)?
-76
Let b(g) = -2*g + 6. What is b(3)?
0
Let x(m) = 3*m + 2. Determine x(13).
41
Let c(z) = 3*z**2 - 62*z - 316. Determine c(26).
100
Let s(m) = 3*m**3 - 22*m**2 + 29*m - 7. Determine s(5).
-37
Let s(r) = 18*r**2 - 600*r + 202. Give s(33).
4
Let r(x) = -x**2 - 465*x - 13857. Calculate r(-32).
-1
Let y(w) = w**2 - 227*w - 1341. Determine y(-6).
57
Let q(i) = -27*i**2 + 69*i + 8. Calculate q(4).
-148
Let u(k) = 109*k + 906. Calculate u(-9).
-75
Let y(p) = 16*p**3 + 5*p**2 - 6*p - 8. Give y(-2).
-104
Let s(c) = -c**3 + 9*c**2 + 25*c + 167. Give s(12).
35
Let n(u) = 3*u**2 + 421*u + 2040. Give n(-5).
10
Let h(p) = -16*p - 137. Give h(-11).
39
Let b(i) = -i**3 - 14*i**2 + 15*i - 39. What is b(-16)?
233
Let d(q) = -302*q - 2110. Give d(-7).
4
Let y(w) = -w**3 + 40*w**2 - 47*w + 287. Calculate y(39).
-25
Let f(a) = -a**3 + 135*a**2 + 2261*a - 1646. Calculate f(150).
4
Let t(c) = -c**3 + 6*c**2 + 337*c - 2587. Determine t(8).
-19
Let k(h) = -11*h - 1308. What is k(-118)?
-10
Let v(a) = -a**3 - 110*a**2 + 69*a - 4647. Determine v(-111).
15
Let g(s) = s**3 - s**2 - 43*s - 15. Calculate g(7).
-22
Let i(q) = -2*q**2 - 37*q - 115. Calculate i(-27).
-574
Let b(r) = 1262*r + 83295. Give b(-66).
3
Let y(l) = -2*l**2 - 38*l + 50. Calculate y(-18).
86
Let f(k) = -1579*k - 3167. Give f(-2).
-9
Let i(w) = 23*w - 160. What is i(-29)?
-827
Let m(r) = -r**2 - 18*r + 195. Calculate m(11).
-124
Let p(c) = -560*c + 2327. Determine p(4).
87
Let j(m) = -6*m**3 - 4*m**2 - 14*m - 11. What is j(-2)?
49
Let g(n) = -n**2 - 41*n - 203. Calculate g(-34).
35
Let b(z) = 17*z + 243. Calculate b(-12).
39
Let y(o) = 122*o + 1205. Calculate y(-9).
107
Let a(p) = -7*p**2 + 27*p - 138. Calculate a(5).
-178
Let b(c) = -c**3 - 391*c**2 + 3191*c - 12. Determine b(8).
-20
Let h(l) = 1150*l - 6908. What is h(6)?
-8
Let u(q) = -q**3 + 26*q**2 + 53*q - 678. What is u(27)?
24
Let d(x) = -x**2 - 43*x - 375. Give d(-13).
15
Let a(l) = 13*l + 150. Calculate a(-19).
-97
Let x(a) = a**3 + 7*a**2 + 104*a + 725. What is x(-7)?
-3
Let l(x) = 23*x**3 - 829*x**2 + 28*x + 294. Determine l(36).
6
Let g(m) = -557*m - 8920. Calculate g(-16).
-8
Let g(m) = -425*m - 3384. Determine g(-8).
16
Let j(s) = -21*s - 71. What is j(3)?
-134
Let o(j) = j**2 - 60*j + 20. Calculate o(0).
20
Let j(a) = 2*a**3 + 4*a**2 + 4*a + 35. What is j(-6)?
-277
Let p(u) = 11*u**2 - 154*u + 1. Determine p(14).
1
Let s(p) = 22*p - 1496. Give s(68).
0
Let f(k) = 1134*k + 16998. Give f(-15).
-12
Let v(j) = 10*j**2 + 279*j + 521. Calculate v(-26).
27
Let a(x) = 2*x**3 - 48*x**2 + 148*x - 458. Calculate a(21).
4
Let s(m) = m**2 - 18*m + 131. Calculate s(10).
51
Let a(l) = -l**3 - 65*l**2 + 2*l + 136. Determine a(-65).
6
Let d(i) = i**3 - 201*i**2 + 781*i + 1383. Give d(197).
4
Let t(b) = b**3 - 57*b**2 - 3479*b + 86. Give t(94).
-8
Let t(o) = 3*o**3 - 51*o**2 + 221*o - 35. Give t(8).
5
Let p(s) = -45*s - 654. Calculate p(-14).
-24
Let a(m) = -244*m - 266. Calculate a(0).
-266
Let v(q) = -149*q + 2635. Give v(17).
102
Let o(p) = 8*p + 69. Determine o(-8).
5
Let k(v) = 13*v**2 - 2*v - 5. Give k(1).
6
Let b(p) = -p**3 + 18*p**2 + 23*p - 374. What is b(18)?
40
Let z(g) = g**3 - 36*g**2 + 303*g - 356. Calculate z(24).
4
Let w(a) = -16141*a - 64565. What is w(-4)?
-1
Let u(n) = -n**2 - 18*n + 2137. Give u(38).
9
Let d(a) = 1553*a + 7776. Give d(-5).
11
Let u(w) = 9278*w + 18545. Calculate u(-2).
-11
Let l(b) = -157*b + 4247. Determine l(27).
8
Let s(c) = c**3 + 14*c**2 + 52*c + 109. Calculate s(-10).
-11
Let g(m) = m**2 + 8*m - 4. Give g(-11).
29
Let u(t) = 2*t**3 + 11*t**2 - 16*t - 22. Determine u(-7).
-57
Let w(q) = -q + 246. Calculate w(0).
246
Let v(u) = -58*u + 738. Give v(9).
216
Let q(v) = -v**2 + 32*v - 264. Give q(18).
-12
Let t(p) = -2*p**3 - 28*p**2 - 95*p + 26. Give t(-7).
5
Let u(b) = -3482*b + 17413. Determine u(5).
3
Let o(k) = -199*k + 16522. Give o(83).
5
Let s(i) = 36*i + 69. Calculate s(-7).
-183
Let d(j) = -192*j + 3854. Determine d(20).
14
Let i(f) = -4*f**2 - 11*f + 40. What is i(2)?
2
Let z(u) = 6*u**2 - 18*u - 17. What is z(-1)?
7
Let r(d) = -4*d**2 + 37*d + 364. Give r(-8).
-188
Let z(b) = b**2 + 64*b - 451. Calculate z(-71).
46
Let s(g) = -g**2 + 54*g - 432. What is s(9)?
-27
Let w(b) = -25*b**2 + 32*b + 33. Determine w(2).
-3
Let q(u) = 4*u**2 - 982*u + 1943. Calculate q(2).
-5
Let w(h) = -63*h. Give w(-3).
189
Let f(j) = -48*j**2 + 281*j + 35. Give f(6).
-7
Let o(x) = x**3 - 108*x**2 + 882*x + 84. Calculate o(9).
3
Let i(a) = -2*a + 103. Give i(55).
-7
Let h(v) = -68*v - 158. Give h(-5).
182
Let a(f) = 5*f**3 + 51*f**2 + 19*f - 3. What is a(-9)?
312
Let g(n) = -n**2 + 3094*n - 6181. Calculate g(2).
3
Let y(h) = 55*h - 4. Determine y(0).
-4
Let w(p) = 1043*p - 25036. Determine w(24).
-4
Let s(b) = b**2 - 30*b + 27. Determine s(24).
-117
Let w(j) = -85*j - 455. Determine w(-4).
-115
Let y(a) = a**2 + 4*a - 21. Determine y(-9).
24
Let t(d) = -3*d**2 - d - 38. Give t(5).
-118
Let q(i) = -4*i**3 - 24*i**2 + 14*i + 85. Calculate q(-6).
1
Let v(y) = 222*y + 1980. What is v(-9)?
-18
Let x(z) = 30*z + 296. What is x(-6)?
116
Let d(k) = -2*k**3 + 10*k**2 + 123*k - 584. What is d(5)?
31
Let s(g) = -g**3 - 25*g**2 + 23*g - 76. Give s(-26).
2
Let z(g) = -g**2 + 41*g + 245. Give z(43).
159
Let l(g) = -72*g - 2. What is l(-1)?
70
Let a(b) = 7*b**2 + 14*b + 52. Determine a(-5).
157
Let y(n) = 2*n**2 + 88*n + 7. Give y(-43).
-79
Let g(d) = -8*d**2 + 11*d - 38. Calculate g(3).
-77
Let p(i